{"id":13956,"date":"2018-08-04T00:30:44","date_gmt":"2018-08-04T00:30:44","guid":{"rendered":"http:\/\/www.canaaf.org\/wp-content\/uploads\/2018\/08\/000101_004211-2.jpg"},"modified":"2018-08-04T00:30:44","modified_gmt":"2018-08-04T00:30:44","slug":"000101_004211-3-2","status":"inherit","type":"attachment","link":"https:\/\/www.canaaf.org\/fr\/000101_004211-3-2\/","title":{"rendered":"000101_004211"},"author":3,"featured_media":0,"comment_status":"open","ping_status":"closed","template":"","meta":{"_monsterinsights_skip_tracking":false,"_monsterinsights_sitenote_active":false,"_monsterinsights_sitenote_note":"","_monsterinsights_sitenote_category":0},"class_list":["post-13956","attachment","type-attachment","status-inherit","hentry"],"yoast_head":"<!-- This site is optimized with the Yoast SEO plugin v27.5 - https:\/\/yoast.com\/product\/yoast-seo-wordpress\/ -->\n<title>000101_004211 - Fondation Canadienne de l\u2019Alop\u00e9cie Areata<\/title>\n<meta name=\"robots\" content=\"index, follow, max-snippet:-1, max-image-preview:large, max-video-preview:-1\" \/>\n<link rel=\"canonical\" href=\"https:\/\/www.canaaf.org\/fr\/000101_004211-3-2\/\" \/>\n<meta property=\"og:locale\" content=\"fr_FR\" \/>\n<meta property=\"og:type\" content=\"article\" \/>\n<meta property=\"og:title\" content=\"000101_004211 - Fondation Canadienne de l\u2019Alop\u00e9cie Areata\" \/>\n<meta property=\"og:url\" content=\"https:\/\/www.canaaf.org\/fr\/000101_004211-3-2\/\" \/>\n<meta property=\"og:site_name\" content=\"Fondation Canadienne de l\u2019Alop\u00e9cie Areata\" \/>\n<meta property=\"og:image\" content=\"https:\/\/www.canaaf.org\/wp-content\/uploads\/2018\/08\/000101_004211-2.jpg\" \/>\n\t<meta property=\"og:image:width\" content=\"1228\" \/>\n\t<meta property=\"og:image:height\" content=\"1864\" \/>\n\t<meta property=\"og:image:type\" content=\"image\/jpeg\" \/>\n<script type=\"application\/ld+json\" class=\"yoast-schema-graph\">{\"@context\":\"https:\\\/\\\/schema.org\",\"@graph\":[{\"@type\":\"WebPage\",\"@id\":\"https:\\\/\\\/www.canaaf.org\\\/fr\\\/000101_004211-3-2\\\/\",\"url\":\"https:\\\/\\\/www.canaaf.org\\\/fr\\\/000101_004211-3-2\\\/\",\"name\":\"000101_004211 - Fondation Canadienne de l\u2019Alop\u00e9cie Areata\",\"isPartOf\":{\"@id\":\"https:\\\/\\\/www.canaaf.org\\\/fr\\\/#website\"},\"datePublished\":\"2018-08-04T00:30:44+00:00\",\"breadcrumb\":{\"@id\":\"https:\\\/\\\/www.canaaf.org\\\/fr\\\/000101_004211-3-2\\\/#breadcrumb\"},\"inLanguage\":\"fr-FR\",\"potentialAction\":[{\"@type\":\"ReadAction\",\"target\":[\"https:\\\/\\\/www.canaaf.org\\\/fr\\\/000101_004211-3-2\\\/\"]}]},{\"@type\":\"BreadcrumbList\",\"@id\":\"https:\\\/\\\/www.canaaf.org\\\/fr\\\/000101_004211-3-2\\\/#breadcrumb\",\"itemListElement\":[{\"@type\":\"ListItem\",\"position\":1,\"name\":\"Home\",\"item\":\"https:\\\/\\\/www.canaaf.org\\\/fr\\\/\"},{\"@type\":\"ListItem\",\"position\":2,\"name\":\"000101_004211\"}]},{\"@type\":\"WebSite\",\"@id\":\"https:\\\/\\\/www.canaaf.org\\\/fr\\\/#website\",\"url\":\"https:\\\/\\\/www.canaaf.org\\\/fr\\\/\",\"name\":\"Fondation Canadienne de l\u2019Alop\u00e9cie Areata\",\"description\":\"Pr\u00e9visible pour une maladie impr\u00e9visible.\",\"potentialAction\":[{\"@type\":\"SearchAction\",\"target\":{\"@type\":\"EntryPoint\",\"urlTemplate\":\"https:\\\/\\\/www.canaaf.org\\\/fr\\\/?s={search_term_string}\"},\"query-input\":{\"@type\":\"PropertyValueSpecification\",\"valueRequired\":true,\"valueName\":\"search_term_string\"}}],\"inLanguage\":\"fr-FR\"}]}<\/script>\n<!-- \/ Yoast SEO plugin. -->","yoast_head_json":{"title":"000101_004211 - Fondation Canadienne de l\u2019Alop\u00e9cie Areata","robots":{"index":"index","follow":"follow","max-snippet":"max-snippet:-1","max-image-preview":"max-image-preview:large","max-video-preview":"max-video-preview:-1"},"canonical":"https:\/\/www.canaaf.org\/fr\/000101_004211-3-2\/","og_locale":"fr_FR","og_type":"article","og_title":"000101_004211 - Fondation Canadienne de l\u2019Alop\u00e9cie Areata","og_url":"https:\/\/www.canaaf.org\/fr\/000101_004211-3-2\/","og_site_name":"Fondation Canadienne de l\u2019Alop\u00e9cie Areata","og_image":[{"width":1228,"height":1864,"url":"https:\/\/www.canaaf.org\/wp-content\/uploads\/2018\/08\/000101_004211-2.jpg","type":"image\/jpeg"}],"schema":{"@context":"https:\/\/schema.org","@graph":[{"@type":"WebPage","@id":"https:\/\/www.canaaf.org\/fr\/000101_004211-3-2\/","url":"https:\/\/www.canaaf.org\/fr\/000101_004211-3-2\/","name":"000101_004211 - Fondation Canadienne de l\u2019Alop\u00e9cie Areata","isPartOf":{"@id":"https:\/\/www.canaaf.org\/fr\/#website"},"datePublished":"2018-08-04T00:30:44+00:00","breadcrumb":{"@id":"https:\/\/www.canaaf.org\/fr\/000101_004211-3-2\/#breadcrumb"},"inLanguage":"fr-FR","potentialAction":[{"@type":"ReadAction","target":["https:\/\/www.canaaf.org\/fr\/000101_004211-3-2\/"]}]},{"@type":"BreadcrumbList","@id":"https:\/\/www.canaaf.org\/fr\/000101_004211-3-2\/#breadcrumb","itemListElement":[{"@type":"ListItem","position":1,"name":"Home","item":"https:\/\/www.canaaf.org\/fr\/"},{"@type":"ListItem","position":2,"name":"000101_004211"}]},{"@type":"WebSite","@id":"https:\/\/www.canaaf.org\/fr\/#website","url":"https:\/\/www.canaaf.org\/fr\/","name":"Fondation Canadienne de l\u2019Alop\u00e9cie Areata","description":"Pr\u00e9visible pour une maladie impr\u00e9visible.","potentialAction":[{"@type":"SearchAction","target":{"@type":"EntryPoint","urlTemplate":"https:\/\/www.canaaf.org\/fr\/?s={search_term_string}"},"query-input":{"@type":"PropertyValueSpecification","valueRequired":true,"valueName":"search_term_string"}}],"inLanguage":"fr-FR"}]}},"smush":"Not processed","description":{"rendered":"<p class=\"attachment\"><a data-rel=\"iLightbox[postimages]\" data-title=\"\" data-caption=\"\" href='https:\/\/www.canaaf.org\/wp-content\/uploads\/2018\/08\/000101_004211-2.jpg'><img decoding=\"async\" width=\"198\" height=\"300\" data-src=\"https:\/\/www.canaaf.org\/wp-content\/uploads\/2018\/08\/000101_004211-2-198x300.jpg\" class=\"attachment-medium size-medium lazyload\" alt=\"\" data-srcset=\"https:\/\/www.canaaf.org\/wp-content\/uploads\/2018\/08\/000101_004211-2-198x300.jpg 198w, https:\/\/www.canaaf.org\/wp-content\/uploads\/2018\/08\/000101_004211-2-675x1024.jpg 675w, https:\/\/www.canaaf.org\/wp-content\/uploads\/2018\/08\/000101_004211-2-768x1166.jpg 768w, https:\/\/www.canaaf.org\/wp-content\/uploads\/2018\/08\/000101_004211-2.jpg 1228w\" data-sizes=\"(max-width: 198px) 100vw, 198px\" src=\"data:image\/svg+xml;base64,PHN2ZyB3aWR0aD0iMSIgaGVpZ2h0PSIxIiB4bWxucz0iaHR0cDovL3d3dy53My5vcmcvMjAwMC9zdmciPjwvc3ZnPg==\" style=\"--smush-placeholder-width: 198px; --smush-placeholder-aspect-ratio: 198\/300;\" \/><\/a><\/p>\n"},"caption":{"rendered":""},"alt_text":"","media_type":"image","mime_type":"image\/jpeg","media_details":{"width":1228,"height":1864,"file":"2018\/08\/000101_004211-2.jpg","sizes":{"thumbnail":{"file":"000101_004211-2-150x150.jpg","width":150,"height":150,"mime_type":"image\/jpeg","source_url":"https:\/\/www.canaaf.org\/wp-content\/uploads\/2018\/08\/000101_004211-2-150x150.jpg"},"medium":{"file":"000101_004211-2-198x300.jpg","width":198,"height":300,"mime_type":"image\/jpeg","source_url":"https:\/\/www.canaaf.org\/wp-content\/uploads\/2018\/08\/000101_004211-2-198x300.jpg"},"medium_large":{"file":"000101_004211-2-768x1166.jpg","width":768,"height":1166,"mime_type":"image\/jpeg","source_url":"https:\/\/www.canaaf.org\/wp-content\/uploads\/2018\/08\/000101_004211-2-768x1166.jpg"},"large":{"file":"000101_004211-2-675x1024.jpg","width":675,"height":1024,"mime_type":"image\/jpeg","source_url":"https:\/\/www.canaaf.org\/wp-content\/uploads\/2018\/08\/000101_004211-2-675x1024.jpg"},"slider":{"file":"000101_004211-2-1228x400.jpg","width":1228,"height":400,"mime_type":"image\/jpeg","source_url":"https:\/\/www.canaaf.org\/wp-content\/uploads\/2018\/08\/000101_004211-2-1228x400.jpg"},"sidebar":{"file":"000101_004211-2-280x150.jpg","width":280,"height":150,"mime_type":"image\/jpeg","source_url":"https:\/\/www.canaaf.org\/wp-content\/uploads\/2018\/08\/000101_004211-2-280x150.jpg"},"full":{"file":"000101_004211-2.jpg","width":1228,"height":1864,"mime_type":"image\/jpeg","source_url":"https:\/\/www.canaaf.org\/wp-content\/uploads\/2018\/08\/000101_004211-2.jpg"}},"image_meta":{"aperture":"0","credit":"","camera":"","caption":"","created_timestamp":"946687369","copyright":"","focal_length":"0","iso":"0","shutter_speed":"0","title":"","orientation":"0","keywords":[]}},"post":null,"source_url":"https:\/\/www.canaaf.org\/wp-content\/uploads\/2018\/08\/000101_004211-2.jpg","_links":{"self":[{"href":"https:\/\/www.canaaf.org\/fr\/wp-json\/wp\/v2\/media\/13956","targetHints":{"allow":["GET"]}}],"collection":[{"href":"https:\/\/www.canaaf.org\/fr\/wp-json\/wp\/v2\/media"}],"about":[{"href":"https:\/\/www.canaaf.org\/fr\/wp-json\/wp\/v2\/types\/attachment"}],"author":[{"embeddable":true,"href":"https:\/\/www.canaaf.org\/fr\/wp-json\/wp\/v2\/users\/3"}],"replies":[{"embeddable":true,"href":"https:\/\/www.canaaf.org\/fr\/wp-json\/wp\/v2\/comments?post=13956"}]}}

<!-- This site is optimized with the Yoast SEO plugin v27.5 - https://yoast.com/product/yoast-seo-wordpress/ -->
<title>000101_004211 - Fondation Canadienne de l’Alopécie Areata</title>
<meta name="robots" content="index, follow, max-snippet:-1, max-image-preview:large, max-video-preview:-1" />
<link rel="canonical" href="https://www.canaaf.org/fr/000101_004211-3-2/" />
<meta property="og:locale" content="fr_FR" />
<meta property="og:type" content="article" />
<meta property="og:title" content="000101_004211 - Fondation Canadienne de l’Alopécie Areata" />
<meta property="og:url" content="https://www.canaaf.org/fr/000101_004211-3-2/" />
<meta property="og:site_name" content="Fondation Canadienne de l’Alopécie Areata" />
<meta property="og:image" content="https://www.canaaf.org/wp-content/uploads/2018/08/000101_004211-2.jpg" />
	<meta property="og:image:width" content="1228" />
	<meta property="og:image:height" content="1864" />
	<meta property="og:image:type" content="image/jpeg" />
<script type="application/ld+json" class="yoast-schema-graph">{"@context":"https:\/\/schema.org","@graph":[{"@type":"WebPage","@id":"https:\/\/www.canaaf.org\/fr\/000101_004211-3-2\/","url":"https:\/\/www.canaaf.org\/fr\/000101_004211-3-2\/","name":"000101_004211 - Fondation Canadienne de l’Alopécie Areata","isPartOf":{"@id":"https:\/\/www.canaaf.org\/fr\/#website"},"datePublished":"2018-08-04T00:30:44+00:00","breadcrumb":{"@id":"https:\/\/www.canaaf.org\/fr\/000101_004211-3-2\/#breadcrumb"},"inLanguage":"fr-FR","potentialAction":[{"@type":"ReadAction","target":["https:\/\/www.canaaf.org\/fr\/000101_004211-3-2\/"]}]},{"@type":"BreadcrumbList","@id":"https:\/\/www.canaaf.org\/fr\/000101_004211-3-2\/#breadcrumb","itemListElement":[{"@type":"ListItem","position":1,"name":"Home","item":"https:\/\/www.canaaf.org\/fr\/"},{"@type":"ListItem","position":2,"name":"000101_004211"}]},{"@type":"WebSite","@id":"https:\/\/www.canaaf.org\/fr\/#website","url":"https:\/\/www.canaaf.org\/fr\/","name":"Fondation Canadienne de l’Alopécie Areata","description":"Prévisible pour une maladie imprévisible.","potentialAction":[{"@type":"SearchAction","target":{"@type":"EntryPoint","urlTemplate":"https:\/\/www.canaaf.org\/fr\/?s={search_term_string}"},"query-input":{"@type":"PropertyValueSpecification","valueRequired":true,"valueName":"search_term_string"}}],"inLanguage":"fr-FR"}]}</script>
<!-- / Yoast SEO plugin. -->

000101_004211 - Fondation Canadienne de l’Alopécie Areata

Fondation Canadienne de l’Alopécie Areata

Prévisible pour une maladie imprévisible.
